 - (-2)/(-11).
607
Let n = -14156 - -22878. List the prime factors of n.
2, 7, 89
Let l be (11202/(-4))/(-3) + (-3)/6. Suppose l + 24 = 11*g. What are the prime factors of g?
3, 29
Let g be 1*-4*-2*(-6)/8. Let m be (-4)/g - 69/9. What are the prime factors of m/(35/(-135)) - 0?
3
Suppose 0*f + 13*f = 61555. Suppose 0 = 21*m - 6857 - f. What are the prime factors of m?
2, 3, 23
Let q = -370 + -320. Let v = 725 + q. What are the prime factors of v?
5, 7
Let o = -265 + 1521. Suppose r - o = -t, 20*r - 2*t = 16*r + 5006. What are the prime factors of r?
7, 179
Let i(r) = 6*r**2 + 4*r + 16. Let d be i(6). Suppose 2*j - 744 = -3*a + 5*j, -d = -a + 5*j. Let z = a + -170. List the prime factors of z.
2, 19
Suppose 0 = 5*u + 2*a - 112590, 0 = -5*u - 3*a + 59808 + 52782. What are the prime factors of u?
2, 3, 139
Let m be 84/24*(0 + 217 - -1). Let c = m - 372. List the prime factors of c.
17, 23
Let g be (3/(-9) + 0)*-15. Suppose -5*x - 344 = -g*s - 6*x, 5*x + 48 = s. What are the prime factors of s?
2, 17
List the prime factors of 482 + -488 - -1*(6 + 1)*4979.
34847
Let y = 124521 + -46034. What are the prime factors of y?
78487
Let q(h) = -935*h + 6164. What are the prime factors of q(-48)?
2, 7, 1823
Suppose 3*s + 3*p - 10970 = 97, -5*p = s - 3665. List the prime factors of s.
5, 739
Let i be (1 + 0)/(-9 - 219/(-24)). Suppose -4*x - x + 2*p + 138 = 0, 3*p + 64 = 2*x. Suppose i - x = -3*c. What are the prime factors of c?
2, 3
Let m(h) = 19*h + 110. Let x be m(-6). Let c(a) = -10*a**3 - 7*a**2 - 8*a + 3. What are the prime factors of c(x)?
563
Let o(h) = h - 1. Let w(y) = 7*y - 208. Let l(s) = 6*o(s) - w(s). List the prime factors of l(0).
2, 101
Suppose 0 = -650*h + 628*h + 60512 + 51974. List the prime factors of h.
5113
Suppose -76910 = -5*b + 4*k, 6*k = -4*b + 53700 + 7874. What are the prime factors of b?
2, 7, 157
Suppose -29*q - 59094 = -418201. What are the prime factors of q?
7, 29, 61
Suppose -4*x = -2*u + 4, -13*u + 8*u = -5*x - 5. Let o(c) = c + 11. Let d be o(-9). Suppose u = 4*b - d*b - 32. List the prime factors of b.
2
Let w = -229 + 439. Suppose 5*i = 3835 - w. List the prime factors of i.
5, 29
Let w(s) = -92*s + 22 - 71*s - 92*s + 189*s. List the prime factors of w(-4).
2, 11, 13
Suppose 47*m - 22*m = 698900. List the prime factors of m.
2, 29, 241
Suppose -12*d - 13838 + 35702 = 0. List the prime factors of d.
2, 911
Let q = 30 + -32. Let j be ((-84)/63)/(q/54). What are the prime factors of (j/(-10))/((-1818)/300 + 6)?
2, 3, 5
Suppose -14 = -4*m + 2*m. What are the prime factors of 3269/m + -3 + -2?
2, 3, 7, 11
What are the prime factors of (-172754)/(2*10/60*-6)?
17, 5081
Suppose 2*p + 18*p - 11840 = 0. Let t = p - 349. What are the prime factors of t?
3
Suppose 0 = 50*x - 51*x - 285. Let o = x - -1209. What are the prime factors of o?
2, 3, 7, 11
What are the prime factors of 80820 + (17/(-7) - (36/14 + -2))?
3, 11, 31, 79
Suppose -3*a = 0, -12*j + 2*a + 7595 = -7*j. Suppose -74*z = -67*z - j. What are the prime factors of z?
7, 31
Let k = -115 + 101. Let v = 148 + k. List the prime factors of v.
2, 67
Suppose 14*d - 19*d = 1575. Let x = d - -671. Suppose 0 = -2*g - y + x, 5*g - 3*g = -4*y + 368. What are the prime factors of g?
2, 11
Let q(o) = -4*o + 7. Let t be q(8). Let n = -116 + 326. Let y = t + n. What are the prime factors of y?
5, 37
Let l = -130 + 37. Let d = -89 - l. Suppose -2*b - 110 = -3*v - 0*b, d = 2*b. What are the prime factors of v?
2, 19
Suppose 4*n - n - 3*f - 75 = 0, 0 = -3*n - 3*f + 51. Suppose -n - 15 = 4*j. List the prime factors of (-2 + -23)/(3/j).
3, 5
Suppose -63*w + 2046424 + 2051096 = -989793. List the prime factors of w.
3, 11, 2447
Let s(f) = -f**2 + 188. Let z be s(14). What are the prime factors of -5277*-1*z/(-24)?
1759
Suppose 842509 = 22*f - 346217. What are the prime factors of f?
3, 7, 31, 83
Let o be (4620/(-8))/5*(-6)/9. Suppose 2*y = -o + 87. What are the prime factors of 3*(-3)/(-9) + y + -1?
5
Let m(j) = 2*j**3 - 4*j**2 + j + 2. Let o be (-4)/16 - (-26)/8. Let x be m(o). Suppose x*h - 54 = 21*h. List the prime factors of h.
3
Let u = 20541 + -18439. List the prime factors of u.
2, 1051
Suppose d = y + 2*d - 39, 4*y - 120 = 5*d. Let x be (3 + 2)*14/y. What are the prime factors of (x/(-6))/(7/(-1701))?
3
Let s(b) = -14*b**3 + 2*b**2 + 24*b + 30. What are the prime factors of s(-7)?
2, 2381
Suppose 3*h + 11*j = 9*j + 319, -3*j = -3*h + 324. Let q = -68 + h. List the prime factors of q.
3, 13
Let u be ((-34)/51)/((-230)/114 + 2). Let j be u/4*(4 - -42). Suppose -5*m - 4*l + 456 = 0, -4*m + l = -j + 89. List the prime factors of m.
2, 11
Let l be (286 - (-7 + 7)) + 2. Suppose 4*f = -3*z + 1924, 2872 = 5*z - 5*f - l. What are the prime factors of z?
2, 3, 53
Suppose -5*s + 1 = -14. Suppose 0 = -21*g + 37*g - 64. Suppose i + 8 = s*i, l = g*i + 228. List the prime factors of l.
2, 61
Let m(o) = o**2 + 2. Let j = -72 + 71. Let h be m(j). Suppose 2*u - 372 = -u - 3*n, u + h*n = 132. What are the prime factors of u?
2, 3, 5
Suppose -3902*k = -3900*k - 15380. List the prime factors of k.
2, 5, 769
Let t = -40214 + 131961. What are the prime factors of t?
23, 3989
Let t(u) be the third derivative of u**5/60 + 7*u**4/12 + 7*u**3/2 - 47*u**2. Let o = -60 + 43. List the prime factors of t(o).
2, 3
Let k be 1344*20/(-6)*-2. Suppose 46*o - 54*o = -k. What are the prime factors of o?
2, 5, 7
Suppose -2*a + 23*a + 63 = 0. What are the prime factors of (-2 - a/(-3))/(27/(-8244))?
2, 229
Let n(l) = l**3 + 17 - 26*l**2 + 0 + 3*l + 5*l**2. Let q be n(21). Suppose 0*p + q = p + 5*a, 220 = 4*p - 5*a. What are the prime factors of p?
2, 3, 5
Let d = -82741 - -151471. List the prime factors of d.
2, 3, 5, 29, 79
Let w(t) = 2*t + 8. Let g be w(-4). Let n(y) = -5*y - y**3 - y**2 + g*y**3 + 6*y**3 + 4*y**2. List the prime factors of n(2).
2, 3, 7
Suppose 12*t - 3111 = -279. Let x = t + -96. What are the prime factors of x?
2, 5, 7
Let q(n) be the first derivative of -n**3/3 - 8*n**2 - n + 8. Let w be q(-16). Let g = 75 + w. What are the prime factors of g?
2, 37
Suppose 0 = 86*j - 58*j - 64*j + 1285452. List the prime factors of j.
7, 5101
Suppose 66*w - 12*w = 621540. What are the prime factors of w?
2, 5, 1151
Suppose -12*m = -9*m - 2*q - 16, -m - 2 = 3*q. Suppose m*x - 3370 = -2*i, -3*i + 1695 = 37*x - 35*x. List the prime factors of x.
2, 3, 5, 7
Let u(b) be the second derivative of -5*b**3/6 + 4*b**2 + 17*b. Let g be (-408)/30 + (-4)/10. List the prime factors of u(g).
2, 3, 13
Suppose 13*p = 195 - 143. What are the prime factors of (-2 - -2)/(8/p) - -1112?
2, 139
Suppose 1208 = 7*r - 46098. What are the prime factors of r?
2, 31, 109
Let p(z) = z**3 + 6*z**2 + 6*z + 3. Let w be p(-4). Let k(l) = l**3 + 18*l**2 + 12*l + 59. Let u be k(-17). Suppose w*x - 208 = u. List the prime factors of x.
2
Let d(g) = 2*g**2 + 10*g + 6. Let a be d(-4). List the prime factors of (0 - 152/a)/(4/40).
2, 5, 19
Suppose -11 = -4*p + 1. Suppose p*b + 6 = -0*b, s - 4*b - 8 = 0. List the prime factors of s - -8 - (4 + -8).
2, 3
Suppose 6*p = -2*j + 3*p + 39081, 3*j - 58625 = -5*p. What are the prime factors of j?
2, 3, 5, 7, 31
Suppose 6*i = -52 - 110. Let d = 27 + i. Suppose 287 = 5*y + 4*w, d = 2*y + 4*w + 57 - 179. What are the prime factors of y?
5, 11
Let r(g) = 2*g**2 - g - 2. Let f be r(2). Suppose f*a - 330 = 2*a. Suppose -3*d + a = -0*d. List the prime factors of d.
5, 11
Suppose 126*i + 8*i - 2279516 = 1666248. List the prime factors of i.
2, 14723
Let t be (-2744)/(-10) - 10/25. Suppose -19*s = -292 - 696. Suppose -3*j + t = s. What are the prime factors of j?
2, 37
Suppose 101*y + 293698 - 877264 = 2398156. What are the prime factors of y?
2, 29, 509
Let q(v) = 18*v**2 + 4*v - 138. Let g be q(23). Suppose -g = -25*s - 3176. What are the prime factors of s?
2, 3, 7
Suppose s + 223 = -2*i, 0*i + 4 = -i. Let l = 446 + s. Let d = -72 + l. What are the prime factors of d?
3, 53
What are the prime factors of ((-5)/6 + (-20)/(-120))/((-1)/31623)?
2, 83, 127
Let j(w) = 28*w - 3. Let f be j(-2). Let o = 64 + f. Suppose 4*v + v - 186 = -2*k, o*k + v = 442. What are the prime factors of k?
2, 11
Let c(r) = 2*r**3 + 11*r**2 - 14*r + 11. Let u be c(-7). Let y = -29 - u. Suppose -6*x + y*x + 903 = 5*v, 4*v = -3*x + 744. What are